598. Is v a prime number?
True
Suppose -35*f - 2*v - 97248 = -39*f, 5*f - 121560 = 4*v. Is -3 + 5/(-1)*f/(-30) a prime number?
True
Let p(r) = 343*r - 3. Suppose -3*o = 8 - 2. Let g = 4 + o. Is p(g) composite?
False
Suppose 8 = 2*h, 0 = -5*p + 5*h - 364807 + 1055892. Is p prime?
False
Let x(q) = 47050*q**2 - 69*q - 269. Is x(-4) prime?
False
Suppose -31*f + 798 = 11*f. Suppose -y = -5*c + 110, 10*y = c + 5*y + 2. Suppose -c*q + f*q + 892 = 0. Is q a prime number?
True
Is (-2*(-669)/(-6) + 0/15)*-103 a prime number?
False
Let j(d) = 64*d. Let z(i) = 2*i - 1. Let b(c) = -j(c) - z(c). Is b(-1) a composite number?
False
Let r(v) = 29*v**3 - 61*v**2 + 619*v - 6. Is r(13) a composite number?
True
Let q(p) = -p**3 + 16*p**2 + 19*p - 25. Let a be q(17). Suppose 5 = a*w + 32. Is (w/6)/((-1)/2722) a prime number?
True
Let u(g) = g**3 + 10*g**2 - 4*g - 25. Let l be u(-15). Let z be (-4)/((-24)/l)*(-2 + -16). Let h = -1924 + z. Is h composite?
True
Let c be 840/220 - (-4)/22. Let i(s) = 47*s + 4 + c - 6 - 11*s. Is i(7) prime?
False
Let y = -70362 - -117599. Is y prime?
True
Is (-36)/(-120) + 6269035/50 composite?
True
Suppose 0 = 2*k - 4*z - 6, k - 12*z = -14*z + 3. Suppose g + 6*x - 30785 = 2*x, 5*g - k*x - 153833 = 0. Is g composite?
True
Is (-3)/45 - ((-1314605)/75 - -7) a prime number?
False
Let l(c) = -251*c + 29. Let f(k) = k**3 - 5*k**2 + 3*k + 1. Let p be f(4). Let g be -12*(7/2 + p). Is l(g) composite?
True
Let d(h) = -645*h**3 - 22*h**2 + 19. Is d(-4) a prime number?
False
Let j(b) = 4472*b**2 + 57*b + 306. Is j(-5) a prime number?
True
Let o(v) = 2*v**2 - 28*v - 198. Let t be o(32). Let n = t + 1877. Is n prime?
False
Let g = -3968 - -82089. Is g a prime number?
True
Let k(x) = -2*x**2 - 29*x - 20. Let i be k(-8). Let h = 96 - i. Let a(f) = f**3 - 3*f**2 - 10*f + 5. Is a(h) a composite number?
False
Suppose -39*i = -3102330 - 536643. Is i a prime number?
True
Suppose 4*t - 5*y - 88903 = 0, -9*t = -4*t + 3*y - 111138. Suppose -k = 4*u - t, 9*u = 6*u + 2*k + 16673. Is u prime?
True
Let i = -2 - -82. Suppose 4 = -2*k + i. Suppose 0 = k*x - 37*x - 781. Is x a prime number?
False
Let f(x) = x**2 + 12*x - 41. Let g be f(-15). Suppose 852 = g*c - 2144. Is c a composite number?
True
Let d be 36/15 + (-8)/20. Suppose 5*c = -5*j + 60, -3*j = -0*c - d*c + 14. Let w(m) = -m**3 + 10*m**2 + 11*m + 17. Is w(c) a prime number?
True
Let z be (13 + -5)/2*-2. Let r(s) = 15*s**2 - 7*s - 7. Is r(z) a prime number?
True
Let u be ((-273)/4)/(-7) - 18/24. Is 39789/81 + (-2)/u prime?
True
Suppose 41 = -5*u + 71, 46747 = n - 5*u. Is n composite?
True
Let m(t) = 86*t + 5. Suppose -q - 2*s + 10 = -5*s, -3*q - 3*s = -54. Let w = -6 + q. Is m(w) a composite number?
True
Let s(f) = f**3 - 30*f**2 + 30*f - 24. Let z be s(29). Suppose y - 4 = -4*n, z*n - 8 + 2 = -y. Suppose 2*c = o + 8975, n*o - o - 8981 = -2*c. Is c composite?
True
Let l = -39 + 35. Let i(w) = 96*w**2 - 33*w + 5. Is i(l) a prime number?
False
Suppose 6*q - 18 = -18. Suppose 13*t - 263631 - 29116 = q. Is t a prime number?
False
Let h be 7170/3*-1*24/15. Let o = 5751 + h. Is o composite?
True
Let f = -37 + 33. Let y be 2 + (-154446)/(-33) + f/22. Let n = y + -2125. Is n prime?
True
Let r(i) = i - 1. Let o(h) = -h + 1. Let n(w) = 4*o(w) + 5*r(w). Let x be n(5). Suppose 5*u = x*f - 3*f + 7380, -2*u + 2949 = -f. Is u a composite number?
True
Let h(m) = -m**2 - 5*m + 68. Let s be h(6). Suppose s*j - 7*j - 2*u = -31237, 3*j - 18745 = -4*u. Is j composite?
False
Is ((-24946)/8)/(437/92 - 5) composite?
False
Is 52196*(-4)/14*(882/48)/(-21) a prime number?
True
Suppose 584*z - 576*z + 64 = 0. Is z/(-68) + (-5)/((-510)/406866) composite?
False
Is 118960 - 1*(-11 - -8) prime?
False
Suppose -5*d + 717451 = -14*d + 26*d. Is d a composite number?
True
Let i(b) = b - 9. Let o be i(4). Let h be (6/(-7))/(((-30)/(-28))/o). Suppose 6*x = -4*l + 3*x + 8827, h*l = 4*x + 8792. Is l a prime number?
True
Let y(c) = -c**3 - c**2 - 4*c - 8. Let d(o) = o. Let l(f) = 3*d(f) + y(f). Let m be l(0). Let b(q) = -195*q + 3. Is b(m) a prime number?
False
Is (1/(-3))/((-104)/71760936) a composite number?
False
Suppose 2*t = -2*t + 4*k + 64004, 3*t + 3*k - 47973 = 0. Let a = 22445 - t. Is a a composite number?
False
Suppose 206*f = 202*f + 20, 0 = -3*p + 4*f + 175009. Is p a prime number?
False
Let v = -1 + -44. Let y = v + 48. Suppose 0 = y*r - 28 - 263. Is r composite?
False
Suppose 5*v - 266875 + 723320 = 5*h, -4*v + 273825 = 3*h. Is h prime?
True
Suppose 2*w = -6, 50 = -4*z + 6*z + 2*w. Is (-22362)/(-14) + (4 - 120/z) a composite number?
False
Let a be (4/8)/(4719/(-4722) + 1). Let o = a + -335. Let v = o + -261. Is v a composite number?
False
Let b be 8368*-1*(15 - 17). Let y be (1 + 0)/(8/b). Suppose 3*k - y + 169 = 0. Is k a composite number?
False
Suppose 3*d - 4*m + 56093 - 202258 = 0, 0 = -d - m + 48738. Is d composite?
False
Suppose h + 585824 = 12*j - 10*j, h + 1757460 = 6*j. Is j composite?
False
Let t(x) = 2*x**3 - 8*x**2 - 4*x + 1. Let f be t(6). Let a(c) = c**2 - 12*c + 33. Let v be a(25). Let u = v - f. Is u composite?
True
Let b be (4 - 7)/(1/8)*-2. Suppose -3*x - 81 = 3*a - 0*a, 4*a = 2*x + b. Is (-4)/(-10)*(-15145)/x prime?
True
Let w(y) = -14*y + 222*y**2 - 27 - 65 - 9*y. Is w(-6) composite?
True
Let v be 64/10 - (-6)/(-15). Suppose v*o - 77 = -5*o. Let t(f) = 12*f**2 - 7. Is t(o) a prime number?
False
Suppose -3*o + 6 = 0, 4*u + 5*o - 3*o = 12. Suppose 5*l - 36479 = 3*t, -7734 = -u*l + 2*t + 6856. Is l a prime number?
True
Let f = 146 - 133. Suppose -f*v = 2*v - 39075. Is v a composite number?
True
Suppose 0 = -a - 3*q + 1709455, 3*q = -4*a + 9154798 - 2316924. Is a a composite number?
False
Suppose -5*f + 10*f - 602199 = 809011. Is f a composite number?
True
Let b be (-36)/(-24)*46/3. Suppose b*s = 221615 - 4380. Is s composite?
True
Let d be (-1)/2 + (-17594)/4. Let f = d + 7410. Is f a prime number?
True
Let n(b) = 1834*b - 3183. Is n(49) a prime number?
False
Let l(c) = 20227*c + 916. Is l(33) a prime number?
True
Let n = -14743 - -20736. Is n a prime number?
False
Let s(r) = 1207*r + 41. Let m be 7*11/(462/36). Is s(m) a composite number?
False
Suppose 327847 = 3*c - 11404 + 35858. Is c prime?
False
Is (0/(-7))/(12/(-3)) + 39133 a prime number?
True
Let f(o) = -12827*o**3 - 4*o**2 - o - 1. Let u be f(-1). Let j = u - 3030. Is j prime?
False
Suppose 15*g + 41 + 124 = 0. Let s(r) be the third derivative of 5*r**5/12 + 5*r**4/12 + 4*r**3 - 4*r**2. Is s(g) a composite number?
False
Suppose 5*s + 5465923 - 180638 = 4*p, -5*p + 2*s + 6606585 = 0. Is p prime?
False
Let g be 9/(-12) + (-369)/(-12). Suppose -g = -26*t + 23*t. Suppose -66 = -t*y + 8*y. Is y prime?
False
Suppose 0 = 7*p + 13*p - 6360. Suppose p*a - 313*a - 15985 = 0. Is a prime?
False
Suppose k - 2*t + 7*t + 23 = 0, -t = -k + 7. Suppose -5*d + 33 = -k*g, -13*g = 5*d - 9*g - 9. Suppose d*h = -272 + 997. Is h a composite number?
True
Let z be (1096/(-40))/((-2)/11290). Suppose 19*v + 38374 = z. Is v a prime number?
True
Let x(d) = -484*d + 4597. Is x(-76) a prime number?
True
Let j = -180 - -182. Suppose j*o - 6601 = 9061. Is o a composite number?
True
Let c(b) = b**3 - 34*b**2 + 34*b + 20. Let d be c(28). Let a = -2189 - d. Is a prime?
True
Suppose 0 = -2*g, 0 = 2*u + 6*g - g - 39814. Is u prime?
False
Let s(x) = -26*x**2 + 3*x - 9. Let j be s(3). Let d = j - -6943. Is d composite?
False
Suppose -24735 = 5*v - 5*o + 2*o, -4*v + 3*o = 19791. Let p = 20342 - 9949. Let q = p + v. Is q composite?
False
Suppose h + 0 - 3 = 0. Suppose 4*t + 9*k - 4*k - 24 = 0, h*t - 29 = -k. Suppose -12*z + t*z = -587. Is z a prime number?
True
Let u(d) = -5*d - 15. Let h be u(3). Let q = h - -44. Suppose -42 = 11*s - 14*s - i, i + q = s. Is s a composite number?
True
Is 2904298/((-870)/725 + (-16)/(-5)) composite?
False
Suppose -p + 235330 = 3*i, 164*p - 167*p + i = -706060. Is p composite?
True
Suppose 3*m + j - 10 = -2*m, -2*m = -j - 4. Suppose m*a + 11105 = 5*y, 5*a + 4442 = 11*y - 9*y. Is y prime?
True
Let a = -457 - -453. Is (2/(a/2657))/(10/(-100)) prime?
False
Suppose 17*b - 2 = 66. Is 34 + -2 + (b + -2)*1 composite?
True
Let v(h) = 6*h**2 - 3*h + 142. Suppose o = 4, 5*o - 35 = 3*d + 30. Is v(d) a composite number?
True
Let a(o) = o**3 - 16*o**2 + 32*o + 9. Let w be a(-14)